ainder when w is divided by 174.
0
Suppose 0 = -113*y + 417 + 713. What is the remainder when y is divided by 3?
1
Suppose -f + 2*g + 16 = 0, 2*f - f + 4 = -2*g. Suppose -273 - 129 = -f*y. What is the remainder when y is divided by 12 + (-4)/(-6)*-3?
7
Let p be (4/(-6))/(12/(-72)). Suppose p*v - 236 = -5*a, -v + 2*a - 170 = -4*v. Calculate the remainder when v is divided by 15.
9
Let m be (10/25)/(81/40 - 2). Suppose 11 = -9*t - m. Let o = t + 22. Calculate the remainder when 33 is divided by o.
14
Let y(z) = -4 - z + 148 + z**3 - 2*z**3. Let f be y(0). Suppose -5*l + 5*k - 2*k = -353, -2*l = -4*k - f. Calculate the remainder when l is divided by 18.
16
What is the remainder when 399 is divided by (-2)/2*-6 + 0 + 95?
96
Let k = -19 + 7. Let s(i) = -2*i - 21. Let g = 3 + 3. What is the remainder when g is divided by s(k)?
0
Suppose 624 = -42*w + 55*w. Suppose -w = -d - 17. What is the remainder when d is divided by 16?
15
Suppose -2*u + 5*w + 20 = -155, 0 = 4*u + 2*w - 410. Let a(h) = h**3 + 17*h**2 + 27*h. What is the remainder when a(-12) is divided by u?
96
What is the remainder when (-9)/2*(10/6)/(19/(-456)) is divided by 135?
45
Let w(r) = 36*r**2 - 828*r - 1. What is the remainder when w(27) is divided by 9?
8
Suppose 0 = -5*q + 3*i + 315, 5*q - 5*i - 252 = q. Let b be (q + 5)*((-5)/(-2))/5. Suppose 5*w = 66 + b. What is the remainder when 76 is divided by w?
16
Let x(o) = 15*o - 138. Calculate the remainder when x(33) is divided by 158.
41
Let i(v) = v + 8. Let p be i(-2). Calculate the remainder when 2/6 + (-254)/(-3) is divided by -12*(-2)/p - -18.
19
Calculate the remainder when (1550/15)/((-6)/(-27)) is divided by 456.
9
Let v(a) = 6*a**3 - 56*a**2 - 5*a - 22. Calculate the remainder when v(14) is divided by 21.
20
Suppose 0 = 3*j + 8*j - 2*j. Let k(d) = -d**2 + 4*d - 1. Let h be k(j). Let g(b) = -67*b + 1. Calculate the remainder when g(h) is divided by 14.
12
Suppose 3*g - q + 10 - 187 = 0, 3*g + q - 177 = 0. Suppose g = 3*c - l, -2*c - 4*l - l + 62 = 0. Calculate the remainder when 62 is divided by c.
20
Suppose 0*l - 3*l + 40 = -5*q, 4*q = -l - 15. Suppose l = 2*s - 1. Let n(h) = 13*h**2 - 6*h + 7. Calculate the remainder when n(s) is divided by 27.
25
Suppose -3*q - 26*k + 28*k + 311 = 0, -2*q - 4*k = -202. Let v = 28 - -24. Calculate the remainder when q is divided by v.
51
Let d = 77 + -45. What is the remainder when 227/4 + (-88)/(-352) is divided by d?
25
Let y = -14359 + 14398. What is the remainder when 823 is divided by y?
4
Let r(g) = -181*g + 364. Calculate the remainder when r(1) is divided by 84.
15
Suppose -41 = -26*x + 11. Suppose b - 123 = x*p, 2*b - 4*b + 2*p + 242 = 0. What is the remainder when b is divided by 20?
19
Suppose k + n = 427, -4*n = -2*k - 0*n + 842. Let h = 435 - k. What is the remainder when 46 is divided by h?
6
Calculate the remainder when 2321 is divided by (73 - -65) + (18 - 1).
151
Let n(c) = c**2 + 2*c - 5. Let h be n(-4). Suppose 0 = -w - 3*t - 25, -25 = -h*w + 4*t - 100. What is the remainder when 6/((-30)/w) + -3 is divided by 2?
0
Let r be -42 - -44 - -5*107. Let k = -177 + r. Calculate the remainder when k is divided by 33.
30
Suppose 5*m = 2*m + 3 + 33. Suppose 169 = 4*t - 431. Suppose -2*y + 4*s = s - t, -y = -s - 77. Calculate the remainder when y is divided by m.
9
Let i(y) = 31*y + 1138. Suppose 2*s = -3*s + 210. Calculate the remainder when i(-35) is divided by s.
11
Let x(p) = 378*p - 2542. Calculate the remainder when 409 is divided by x(7).
97
Suppose 27*k - 13*k = 2604. What is the remainder when k is divided by 21?
18
Suppose -3*h + 146 = -h. Suppose -k = u - 12 - 12, 2*k - 4*u + 30 = 0. What is the remainder when h is divided by k?
7
What is the remainder when (2506/4)/((-259)/(-444)) is divided by 118?
12
Let o = -53 - -59. Let p be 6/24 + 26/(-8) + o. Suppose -2*i + 194 = -5*k, 4*i = -p*k - 2*k + 418. What is the remainder when i is divided by 35?
32
Let y be (2 + -20 + 6)/(-2). Suppose y*q = 936 + 30. What is the remainder when q is divided by 55?
51
Suppose -p + 5*s = -135, -40 + 148 = p + 4*s. Calculate the remainder when p is divided by 97.
23
Let t(x) = -11*x**3 + x**2 - x. Let w be t(-1). Suppose 7*l - 57 = w. What is the remainder when 54 is divided by 16 + l/5 + 1?
16
Let y = 75 + -75. Suppose -7 = -a + 4*o, y = -3*a + 5*o + 43 + 13. Let u = -15 + a. Calculate the remainder when 32 is divided by u.
8
Let a(c) = 116*c - 2315. Calculate the remainder when a(27) is divided by 94.
65
Let h = -229 - -161. What is the remainder when h/(-2) - (-2)/(-2) is divided by (((-4998)/(-70))/(-17))/(3/(-15))?
12
Let a be (-400)/(-175) + 2/(-7). Suppose -g + a*g - 221 = 0. What is the remainder when g is divided by 56?
53
Suppose 4*n - 90 = -2*n. Let p = -22923 - -22949. Calculate the remainder when p is divided by n.
11
Let j(b) = 14*b**2 + 8 - 8 + 2*b**2 - 22 + 10*b + b**3. Let r be j(-15). Suppose 7*x - r = 31. Calculate the remainder when x is divided by 3.
0
Let q(b) = -9*b**3 + 5*b**2 + b + 55. What is the remainder when q(-8) is divided by 21?
19
Let s = 13 + -6. Let j = 4 - 14. Calculate the remainder when 1773/45 - ((-24)/j - 2) is divided by s.
4
Let l = -112 + 202. Suppose -l*m + 85*m = -75. What is the remainder when 59 is divided by ((-6)/(54/m))/((-2)/18)?
14
Suppose 722 - 70 = 2*p. Let x = -309 + p. Calculate the remainder when 3*((-37)/(-3) + -2) is divided by x.
14
Let i(c) = -6*c**2 - 33*c + 33. Let x be i(-8). Let w be (2/4)/((-5)/820). Let s = w - x. Calculate the remainder when 7 is divided by s.
2
Let n(p) = 564*p + 61507. What is the remainder when 2*1 + (103 - -2) is divided by n(-109)?
14
Let q be (-13110)/(-9) - (-9)/((-216)/16). Calculate the remainder when 174 is divided by 1072/18 - (q/(-117) + 12).
54
Suppose 12*y - v - 704 = 0, -279*v + 283*v = 2*y - 148. Calculate the remainder when ((-1)/(-1))/((-2)/(-294)) is divided by y.
31
Suppose -m + 326 = 3*g, 8*m - 4*g = 4*m + 1352. Suppose -4*l + 18 = 2*r - 90, 150 = 3*r + 2*l. What is the remainder when m is divided by r?
47
Suppose 0 = f + 3*n - 2, -2*f + 11 - 7 = -5*n. Suppose -f*a - 116 = -3*r, 14*r = 15*r - 5*a - 17. What is the remainder when 163 is divided by r?
37
Suppose 0 = -13*t - 6 + 58. Suppose 0 = -f - 3*s + 4, -11*s = -t*f - 6*s + 84. What is the remainder when f is divided by 6?
4
Let v(j) = 626*j**3 - 2*j + 1. Let w be v(1). Let m = -306 - -523. Suppose w = 3*t - 3*u + m, u - 5 = 0. What is the remainder when t is divided by 18?
15
Let o(s) = 7*s + 411. Calculate the remainder when o(12) is divided by 165.
0
Calculate the remainder when 475 is divided by (104/(-26))/(((-2)/(-45))/(9/(-45))).
7
Let x(c) = 10*c**2 - 798*c - 3954. Calculate the remainder when 4573 is divided by x(-5).
283
Let o = -10479 - -10751. Calculate the remainder when o is divided by 188.
84
Suppose -10*n + 1424 = -256. What is the remainder when 128 is divided by -6*7/(n/(-184))?
36
What is the remainder when 854 is divided by 126 + -137 - (-428 - (-2 + 3))?
18
Let p(b) = 2*b**2 - 2398*b - 5*b**2 + 2*b**2 + 16 + 2400*b. What is the remainder when 16 is divided by p(5)?
0
Let o = -486 - -791. Suppose 5*i = o - 35. Calculate the remainder when i is divided by 27.
0
Let p = -68 + 72. Let l be (-160)/30*6/p. Let s = l + 11. What is the remainder when 17 is divided by s?
2
Suppose 2*u = -33*u + 5530. Let g = 182 - u. What is the remainder when 76 is divided by g?
4
Let p be (-10 + 7)*(-6)/9. Suppose 98 = 3*n - 0*h + p*h, -5*n + 3*h = -157. Let k = 37 - n. What is the remainder when 10 is divided by k?
0
Suppose 14 = -4*h - 2. Let z be (-1)/(-4)*((-288)/12)/(-1). Calculate the remainder when 0 - (z - h/(-1) - 143) is divided by 36.
33
Let p = -3864 - -3913. What is the remainder when 5828 is divided by p?
46
Let z(k) = -64*k**2 + 5*k - 4. Let p be 1 - 1 - (7 - 9). Let r be z(p). What is the remainder when 142 is divided by ((-23)/(-7) - 3) + r/(-7)?
34
Let c = 239 + -165. Suppose 0 = 4*n + s - 80, c = 2*n - 5*s + 12. What is the remainder when 104 is divided by n?
20
Suppose -3*q = -2*i - 26, -5*q - 6*i + 35 = -i. Suppose 4*h = -24*s + 23*s + 218, s - 227 = -3*h. What is the remainder when s is divided by q?
6
Suppose 0 = -4*w + p + 19, -3*w + 4*w = 5*p. What is the remainder when ((36/w)/3)/(30/150) is divided by 11?
1
